-- https://www.phpmyadmin.net/
--
-- Servidor: localhost:3306
-- Tiempo de generación: 26-02-2023 a las 10:39:58
-- Versión del servidor: 5.7.41-cll-lve
-- Versión de PHP: 7.4.33

START TRANSACTION;



--
-- Base de datos: `syskajre_eve`
--

-- --------------------------------------------------------

--
-- Estructura de tabla para la tabla `eventos`
--

CREATE TABLE `eventos` (
  `id` bigint(20) UNSIGNED NOT NULL,
  `name` varchar(191) COLLATE utf8mb4_unicode_ci NOT NULL,
  `ativo` tinyint(1) NOT NULL DEFAULT '1',
  `description` longtext COLLATE utf8mb4_unicode_ci,
  `max` varchar(191) COLLATE utf8mb4_unicode_ci DEFAULT NULL,
  `location` varchar(191) COLLATE utf8mb4_unicode_ci DEFAULT NULL,
  `entidade` varchar(191) COLLATE utf8mb4_unicode_ci DEFAULT NULL,
  `obs` longtext COLLATE utf8mb4_unicode_ci,
  `valor` varchar(191) COLLATE utf8mb4_unicode_ci DEFAULT NULL,
  `instpag` varchar(191) COLLATE utf8mb4_unicode_ci DEFAULT NULL,
  `date` datetime DEFAULT NULL,
  `duration` time DEFAULT NULL,
  `endinsc` date DEFAULT NULL,
  `created_at` timestamp NULL DEFAULT NULL,
  `updated_at` timestamp NULL DEFAULT NULL
) ENGINE=InnoDB DEFAULT CHARSET=utf8mb4 COLLATE=utf8mb4_unicode_ci;

--
-- Volcado de datos para la tabla `eventos`
--

INSERT INTO `eventos` (`id`, `name`, `ativo`, `description`, `max`, `location`, `entidade`, `obs`, `valor`, `instpag`, `date`, `duration`, `endinsc`, `created_at`, `updated_at`) VALUES
(8, 'EVENTO TESTE - Curso arbitragem 2023', 0, 'Curso de arbitragem do ano 2023 da LMJ', '50', 'Clube dos Oficiais - Belo Horizonte', 'Liga Mineira de Judô', 'Judogui branco obrigatorio', '50', 'conta: xxxxxxxx', '2023-02-28 12:00:00', NULL, '2023-02-18', '2023-02-12 12:54:50', '2023-02-12 15:19:44'),
(9, 'CURSO DE FORMAÇÃO DE ÁRBITROS LNJ', 1, 'Poderão participar atletas a partir da faixa roxa -', '80', 'PLATAFORMA GOOGLE MEET', 'LIGA NACIONAL DE JUDÔ', 'O CURSO É GRATUITO, SENDO NECESSÁRIO PAGAR O CERTIFICADO.  EVENTO SERÁ PELO HORÁRIO DE BRASILIA - LINK SERÁ ENVIADO COM  30 MINUTOS DE ANTECEDÊNCIA', '40.00', 'BANCO C6 - AGENCIA 0001- CONTA 000016010726-1 ou PIX CNPJ 32.806.643/0001-13', '2023-02-25 14:00:00', NULL, '2023-02-23', '2023-02-12 14:58:19', '2023-02-24 13:58:30'),
(10, 'CLINICA  NACIONAL DE ARBITRAGEM', 1, 'ATUALIZAÇÃO ARBITRAGEM NACIONAL', '70', 'PLATAFORMA GOOGLE MEET', 'LIGA NACIONAL DE JUDÔ', 'O CURSO É GRATUITO SENDO NECESSÁRIO PAGAR A TAXA DO CERTIFICADO  -   EVENTO SERÁ REALIZADO PELO HORARIO DE BRASILIA - PLATAFORMA GOOGLE MEET - LINK SERÁ ENVIADO COM  30 MINUTOS DE ANTECEDÊNCIA', '50.00', 'BANCO C6 - AGENCIA 0001- CONTA 000016010726-1 ou PIX CNPJ 32.806.643/0001-13', '2023-03-04 14:00:00', NULL, '2023-03-02', '2023-02-13 14:41:28', '2023-02-23 06:17:58');

-- --------------------------------------------------------

--
-- Estructura de tabla para la tabla `failed_jobs`
--

CREATE TABLE `failed_jobs` (
  `id` bigint(20) UNSIGNED NOT NULL,
  `uuid` varchar(191) COLLATE utf8mb4_unicode_ci NOT NULL,
  `connection` text COLLATE utf8mb4_unicode_ci NOT NULL,
  `queue` text COLLATE utf8mb4_unicode_ci NOT NULL,
  `payload` longtext COLLATE utf8mb4_unicode_ci NOT NULL,
  `exception` longtext COLLATE utf8mb4_unicode_ci NOT NULL,
  `failed_at` timestamp NOT NULL DEFAULT CURRENT_TIMESTAMP
) ENGINE=InnoDB DEFAULT CHARSET=utf8mb4 COLLATE=utf8mb4_unicode_ci;

-- --------------------------------------------------------

--
-- Estructura de tabla para la tabla `inscriptions`
--

CREATE TABLE `inscriptions` (
  `id` bigint(20) UNSIGNED NOT NULL,
  `evento_id` bigint(20) UNSIGNED NOT NULL,
  `numinsc` varchar(191) COLLATE utf8mb4_unicode_ci DEFAULT NULL,
  `name` varchar(191) COLLATE utf8mb4_unicode_ci DEFAULT NULL,
  `surname` varchar(191) COLLATE utf8mb4_unicode_ci DEFAULT NULL,
  `email` varchar(191) COLLATE utf8mb4_unicode_ci DEFAULT NULL,
  `phone` varchar(191) COLLATE utf8mb4_unicode_ci DEFAULT NULL,
  `clube` varchar(191) COLLATE utf8mb4_unicode_ci DEFAULT NULL,
  `faixa` enum('Branca','Branca-cinza','Cinza','Cinza-azul','Azulclaro','Azul-azul','Azulescuro','Azul-amarela','Amarela','Amarela-laranja','Laranja','Laranja-verde','Verde','Verde-roxa','Roxa','Roxa-marrom','Marrom','Shodan','Nidan','Sandan','Yondan','Godan','Rokudan','Shichidan','Hachidan','Kyudan','Judan') COLLATE utf8mb4_unicode_ci NOT NULL DEFAULT 'Branca',
  `cert` tinyint(1) NOT NULL DEFAULT '0',
  `pago` tinyint(1) NOT NULL DEFAULT '0',
  `comments` longtext COLLATE utf8mb4_unicode_ci,
  `comprovante` varchar(191) COLLATE utf8mb4_unicode_ci DEFAULT NULL,
  `created_at` timestamp NULL DEFAULT NULL,
  `updated_at` timestamp NULL DEFAULT NULL
) ENGINE=InnoDB DEFAULT CHARSET=utf8mb4 COLLATE=utf8mb4_unicode_ci;

--
-- Volcado de datos para la tabla `inscriptions`
--

INSERT INTO `inscriptions` (`id`, `evento_id`, `numinsc`, `name`, `surname`, `email`, `phone`, `clube`, `faixa`, `cert`, `pago`, `comments`, `comprovante`, `created_at`, `updated_at`) VALUES
(17, 10, '20233730017', 'Fábio Tavares Fagundes', NULL, 'senseifabiotavares@gmail.com', '31992350093', 'Kazoku Judô Clube', 'Godan', 0, 1, NULL, 'comprovante.', '2023-02-13 15:14:56', '2023-02-21 07:53:25'),
(18, 10, '20239850018', 'Fernando Navarro', NULL, 'judonavarro@gmail.com', '+5531997448756', 'Judô Navarro', 'Yondan', 0, 1, NULL, 'comprovante.jpg', '2023-02-13 15:18:26', '2023-02-20 19:29:42'),
(19, 9, '20235890019', 'Julio Cezar Gregorio de Araujo', NULL, 'juliomuralha@yahoo.com.br', '11954207092', 'Liga São Paulo de Judô', 'Yondan', 0, 0, NULL, NULL, '2023-02-13 15:21:52', '2023-02-13 15:21:52'),
(20, 9, '20237750020', 'Moisés Cardoso de oliveira', NULL, 'moiseis_cardoso@hotmail.com', '(34) 99111-9513', 'Judô oriente', 'Godan', 0, 1, NULL, 'comprovante.jpg', '2023-02-13 15:22:52', '2023-02-25 07:55:57'),
(21, 10, '20233930021', 'Moisés Cardoso de oliveira', NULL, 'moiseis_cardoso@hotmail.com', '34 9 9111-95-13', 'Judô oriente', 'Godan', 0, 0, NULL, NULL, '2023-02-13 15:23:49', '2023-02-13 15:23:49'),
(22, 10, '20231750022', 'Vinicius Silveira de Morais', NULL, 'vickinsjudo@gmail.com', '31989017957', 'Vickins judô', 'Sandan', 0, 0, NULL, NULL, '2023-02-13 15:24:48', '2023-02-13 15:24:48'),
(23, 10, '20233290023', 'Marcelo Fonseca Vaz', NULL, 'farvazsports@gmail.com', '47999040609', 'Centro de Artes Marciais Divinópolis - CAMAD', 'Sandan', 0, 1, NULL, 'comprovante.jpg', '2023-02-13 15:25:07', '2023-02-21 07:50:03'),
(24, 9, '20233390024', 'Maria Graciete Cerejo Brasil', NULL, 'gracietebrasil@hotmail.com', '31996776556', 'TATAMI Judo Clube', 'Nidan', 0, 1, NULL, 'comprovante.pdf', '2023-02-13 15:25:52', '2023-02-21 07:50:36'),
(25, 9, '20235690025', 'Clenilson Castilho Leite', NULL, 'clecastilho@gmail.com', '+5531984715167', 'Tatami', 'Nidan', 0, 1, NULL, 'comprovante.pdf', '2023-02-13 15:26:59', '2023-02-20 19:35:18'),
(26, 9, '20239150026', 'Marcelo Luiz Santos de Souza Martins', NULL, 'desempenhoatletico@gmail.com', '(31) 98425-5162', 'Marcelosouzajudoclube', 'Sandan', 0, 0, 'Muita expectativa para o conteúdo.', NULL, '2023-02-13 15:29:26', '2023-02-13 15:29:26'),
(27, 10, '20236860027', 'Marcelo Luiz Santos de Souza Martins', NULL, 'marcelosouzajudoclube@gmail.com', '(31) 98425-5162', 'Marcelosouzajudoclube', 'Sandan', 0, 0, 'Com boa expectativa para o conteúdo.', NULL, '2023-02-13 15:30:37', '2023-02-13 15:30:37'),
(28, 9, '20239560028', 'Paulo Sérgio Rêgo', NULL, 'pauloserego@gmail.com', '(34) 9 9107-7465', 'Academia Judô Oriente', 'Shodan', 0, 0, NULL, NULL, '2023-02-13 15:31:32', '2023-02-13 15:31:32'),
(29, 10, '20233180029', 'Paulo Sérgio Rêgo', NULL, 'pauloserego@gmail.com', '(34) 9 9107-7465', 'Academia Judô Oriente', 'Shodan', 0, 0, NULL, NULL, '2023-02-13 15:32:19', '2023-02-13 15:32:19'),
(31, 10, '20239190031', 'John Waynner Alves de Oliveira', NULL, 'john.linces@gmail.com', '34999630010', 'Projeto Judô Adolfo Fritz', 'Nidan', 0, 0, NULL, NULL, '2023-02-13 15:33:55', '2023-02-13 15:33:55'),
(32, 9, '20238620032', 'John Waynner Alves de Oliveira', NULL, 'john.linces@gmail.com', '34999630010', 'Projeto Judô Adolfo Fritz', 'Nidan', 0, 1, NULL, 'comprovante.jpg', '2023-02-13 15:42:05', '2023-02-25 08:13:15'),
(33, 9, '20234840033', 'Conrado Fonts Cullell', NULL, 'conrad22@mejorconweb.com', '722414056', 'Amigos do Judô', 'Sandan', 0, 1, 'Registro teste', NULL, '2023-02-13 15:49:32', '2023-02-23 07:53:15'),
(34, 9, '20238840034', 'MARCELO SAVIO CARVALHO SOUZA', NULL, 'cristianolucas.silvavieira@gmail.com', '(34) 99941-3751', 'Projeto judô Adolfo Fritz', 'Marrom', 0, 1, NULL, NULL, '2023-02-13 15:49:49', '2023-02-25 13:26:25'),
(35, 10, '20232060035', 'MARCELO SAVIO CARVALHO SOUZA', NULL, 'cristianolucas.silvavieira@gmail.com', '(34) 99941-3751', 'Projeto judô Adolfo Fritz', 'Marrom', 0, 0, NULL, NULL, '2023-02-13 15:54:24', '2023-02-13 15:54:24'),
(36, 9, '20237650036', 'Léo Adriano Chig', NULL, 'leochig@gmail.com', '65 99283-3075', 'DOJO CARLO ACUTIS', 'Verde', 0, 0, NULL, NULL, '2023-02-13 15:56:14', '2023-02-13 15:56:14'),
(37, 9, '20232960037', 'RAFAEL MINORU UCHIAMA ANDRADE', NULL, 'rafaelminoro@gmail.com', '31989886857', 'Tatami', 'Marrom', 0, 0, NULL, NULL, '2023-02-13 15:56:35', '2023-02-13 15:56:35'),
(38, 10, '20235120038', 'RAFAEL MINORU UCHIAMA ANDRADE', NULL, 'rafaelminoro@gmail.com', '31989886857', 'Tatami', 'Marrom', 0, 0, NULL, NULL, '2023-02-13 15:57:14', '2023-02-13 15:57:14'),
(39, 9, '20236870039', 'Adrian Oliveira Chig', NULL, 'adrianoliveirachig@gmail.com', '(65) 992050993', 'Judô Carlo Acutis', 'Laranja', 0, 0, NULL, NULL, '2023-02-13 16:04:32', '2023-02-13 16:04:32'),
(40, 10, '20238040040', 'Wanderson Ferreira Militão', NULL, 'wanderson.militao.ferreira@gmail.com', '34988496598', 'Judo Oriente', 'Sandan', 0, 0, NULL, NULL, '2023-02-13 16:10:16', '2023-02-13 16:10:16'),
(41, 10, '20239250041', 'Galileu Paolo Paiva', NULL, 'galileupaolo@gmail.com', '0213186611898', 'Tatami Judô Clube', 'Godan', 0, 1, NULL, NULL, '2023-02-13 16:16:42', '2023-02-21 07:57:04'),
(42, 10, '20231870042', 'Cleber Thiago Barbosa da Costa', NULL, 'cleberthiago.judo@gmail.com', '31994658665', 'Tatami', 'Godan', 0, 0, NULL, NULL, '2023-02-13 16:16:54', '2023-02-13 16:16:54'),
(43, 9, '20237540043', 'Cleber Thiago Barbosa da costa', NULL, 'cleberthiago.judo@gmail.com', '31994658665', 'Tatami', 'Godan', 0, 0, NULL, NULL, '2023-02-13 16:17:18', '2023-02-13 16:17:18'),
(44, 10, '20235990044', 'Alexandre Rodrigo Alves Junior', NULL, 'junitus01@yahoo.com.br', '(31)993380366', 'Tatami', 'Sandan', 0, 0, NULL, NULL, '2023-02-13 16:17:48', '2023-02-13 16:17:48'),
(45, 9, '20239660045', 'Rafael Marinho do Espírito Santo', NULL, 'rafames@live.com', '35998054050', 'Judo Damásio', 'Marrom', 0, 1, NULL, 'comprovante.jpg', '2023-02-13 16:19:14', '2023-02-20 19:30:05'),
(46, 10, '20234030046', 'Conrado Fonts Cullell', NULL, 'conrad22@mejorconweb.com', '722414056', 'Amigos do Judô', 'Sandan', 0, 1, NULL, NULL, '2023-02-13 16:40:42', '2023-02-21 07:46:20'),
(47, 10, '20238950047', 'Vitória Freitas De Andrade', NULL, 'vitorialinhares222@gmail.com', '85999667669', 'Liceju', 'Roxa', 0, 0, NULL, NULL, '2023-02-13 16:41:39', '2023-02-13 16:41:39'),
(48, 9, '20234870048', 'Josiander Spolidoro Arakaki', NULL, 'josiand@hotmail.com', '11 9735-28839', 'LSPJ', 'Godan', 0, 1, 'Parabéns pela iniciativa!', 'comprovante.jpg', '2023-02-13 16:45:51', '2023-02-23 07:53:43'),
(49, 10, '20237980049', 'Josiander Spolidoro Arakaki', NULL, 'josiand@hotmail.com', '11 9735-28839', 'LSPJ', 'Godan', 0, 1, NULL, 'comprovante.jpg', '2023-02-13 16:46:53', '2023-02-23 07:16:52'),
(50, 9, '20236150050', 'Alexandre Rodrigo Alves Junior', NULL, 'junitus01@yahoo.com.br', '(31)993380366', 'Tatami', 'Sandan', 0, 0, NULL, NULL, '2023-02-13 16:54:50', '2023-02-13 16:54:50'),
(51, 9, '20231590051', 'ALDA CRISTINA DE LUNA BARBOSA', NULL, 'aldacluna@hotmail.com', '+55993448668', 'Projeto Social Talentos do Futuro - Prefeitura de Porto Velho', 'Nidan', 0, 1, NULL, NULL, '2023-02-13 16:55:05', '2023-02-24 12:47:48'),
(52, 10, '20232640052', 'Ricardo Fagundes sousa', NULL, 'ricardofagundessousa@yahoo.com.br', '31991173941', 'Associação de judô Queda do Bem', 'Shodan', 0, 0, NULL, NULL, '2023-02-13 16:56:05', '2023-02-13 16:56:05'),
(53, 10, '20231350053', 'ALDA CRISTINA DE LUNA BARBOSA', NULL, 'aldacluna@hotmail.com', '+55993448668', 'Projeto Social Talentos do Futuro - Prefeitura de Porto Velho', 'Nidan', 0, 0, NULL, NULL, '2023-02-13 16:56:56', '2023-02-13 16:56:56'),
(54, 10, '20237140054', 'Maria Graciete Cerejo Brasil', NULL, 'gracietebrasil@hotmail.com', '31996776556', 'TATAMI Judo Clube', 'Nidan', 0, 1, NULL, 'comprovante.jpeg', '2023-02-13 17:13:17', '2023-02-20 19:34:49'),
(55, 10, '20232900055', 'GUSTAVO DUARTE SILVA NUNES', NULL, 'gustavoduartesilvanunes@gmail.com', '31995720499', 'Tatami', 'Sandan', 0, 0, NULL, NULL, '2023-02-13 17:14:39', '2023-02-13 17:14:39'),
(56, 9, '20238930056', 'ANDRE LOPES SOARES', NULL, 'andre.lopes@engenharia.ufjf.br', '32999286423', 'Judo Pousada Mendonça', 'Marrom', 0, 1, NULL, 'comprovante.jpg', '2023-02-13 17:31:01', '2023-02-20 19:30:43'),
(57, 10, '20237480057', 'ANDRE LOPES SOARES', NULL, 'andre.lopes@engenharia.ufjf.br', '32999286423', 'Judô Pousada Mendonça', 'Marrom', 0, 1, NULL, 'comprovante.jpg', '2023-02-13 17:32:06', '2023-02-20 19:33:24'),
(58, 10, '20233850058', 'Ana Clara Neves de Almeida', NULL, 'anaclaraneves2317@gmail.com', '31987065624', 'Fundação aleijadinho', 'Shodan', 0, 0, NULL, NULL, '2023-02-13 18:13:29', '2023-02-13 18:13:29'),
(59, 9, '20232150059', 'Valdir de Oliveira Costa', NULL, 'brutoscosta@gmail.com', '83 998914226', 'Academia Invictus', 'Nidan', 0, 0, 'Aperfeiçoamento na abritagem sou de Jão pessoa paraíba', NULL, '2023-02-13 18:30:11', '2023-02-13 18:30:11'),
(60, 10, '20238560060', 'Pedro Gabriel Neves de Almeida', NULL, 'pedrogabrielneves161@gmail.com', '31980159630', 'Fundação Aleijadinho', 'Shodan', 0, 0, NULL, NULL, '2023-02-13 18:39:53', '2023-02-13 18:39:53'),
(61, 10, '20231490061', 'Rafael Andrade felix', NULL, 'andradeblac@gmail.com', '83987015604', 'Judo Andrade', 'Sandan', 0, 0, NULL, NULL, '2023-02-13 19:11:06', '2023-02-13 19:11:06'),
(62, 9, '20236130062', 'RAFAEL ANDRADE FELIX', NULL, 'andradeblac@gmail.com', '83987015604', 'Judo Andrade', 'Sandan', 0, 0, NULL, NULL, '2023-02-13 19:12:35', '2023-02-13 19:12:35'),
(63, 9, '20231280063', 'Nicole Lorena Quites Sena', NULL, 'nica.sena22@gmail.com', '31986534068', 'Fundação Aleijadinho', 'Marrom', 0, 1, NULL, NULL, '2023-02-13 20:10:56', '2023-02-25 13:17:49'),
(64, 10, '20231800064', 'Rafael Marinho do Espírito Santo', NULL, 'rafames@live.com', '(35) 99805-4050', 'Judo Damásio', 'Marrom', 0, 1, NULL, 'comprovante.jpg', '2023-02-14 05:21:08', '2023-02-20 19:37:41'),
(65, 10, '20237000065', 'Dario Francisco Rodrigues', NULL, 'dariojudokacdm2@gmail.com', '31989011883', 'Associação de judô queda do bem', 'Shodan', 0, 0, NULL, NULL, '2023-02-14 07:56:17', '2023-02-14 07:56:17'),
(66, 9, '20236830066', 'Sergio da paz Valladão Júnior', NULL, 'sergiovalladaojr@gmail.com', '31971822766', 'Judo Senshi', 'Shodan', 0, 0, NULL, NULL, '2023-02-14 08:18:14', '2023-02-14 08:18:14'),
(67, 9, '20233990067', 'FABIANO RIEKE HORVATICH', NULL, 'htcontabil.fabiano@gmail.com', '38988212113', 'TATAMI PIRAPORA', 'Shodan', 0, 0, NULL, NULL, '2023-02-14 08:46:31', '2023-02-14 08:46:31'),
(68, 10, '20239060068', 'FABIANO RIEKE HORVATICH', NULL, 'htcontabil.fabiano@gmail.com', '38988212113', 'TATAMI PIRAPORA', 'Shodan', 0, 0, NULL, NULL, '2023-02-14 08:47:21', '2023-02-14 08:47:21'),
(69, 9, '20233080069', 'Walisson Romario Barros Rodrigues', NULL, 'walissonb@gmail.com', '66996536749', 'Dojo Libânio', 'Marrom', 0, 0, NULL, NULL, '2023-02-14 09:30:48', '2023-02-14 09:30:48'),
(70, 9, '20233900070', 'Guilherme Caetano Sousa Leal', NULL, 'guilhermecaetanofpa566@gmail.com', '83 98823-7832', 'Judô Faustino Liga estadual - Licopaju', 'Amarela', 0, 0, NULL, NULL, '2023-02-14 11:22:24', '2023-02-14 11:22:24'),
(71, 10, '20238060071', 'Welisson Douglas Barros Rodrigues', NULL, 'welissonrodrigues10@gmail.com', '66996097808', 'Liga de Judô Mato-Grossense', 'Roxa', 0, 0, NULL, NULL, '2023-02-14 11:27:08', '2023-02-14 11:27:08'),
(72, 9, '20236420072', 'Jenner Teles', NULL, 'teles_jr@hotmail.com', '31999798572', 'Tatami Pirapora', 'Shodan', 0, 0, NULL, NULL, '2023-02-14 11:43:58', '2023-02-14 11:43:58'),
(73, 10, '20236990073', 'Jenner Teles', NULL, 'teles_jr@hotmail.com', '31999798572', 'Tatami Pirapora', 'Shodan', 0, 0, NULL, NULL, '2023-02-14 11:44:45', '2023-02-14 11:44:45'),
(74, 9, '20232360074', 'João Vitor Gato Araujo', NULL, 'joaovitorara98@gmail.com', '(31) 99275-0721', 'Tatami Judô Clube', 'Roxa', 0, 0, NULL, NULL, '2023-02-14 13:12:31', '2023-02-14 13:12:31'),
(75, 10, '20239670075', 'João Vitor Gato Araujo', NULL, 'joaovitorara98@gmail.com', '(31) 99275-0721', 'Tatami Judô Clube', 'Roxa', 0, 0, NULL, NULL, '2023-02-14 13:13:01', '2023-02-14 13:13:01'),
(76, 10, '20233760076', 'Sylvio dos Santos Moya', NULL, 'Judomoya@gmail.com', '32991213511', 'Judô Moya', 'Sandan', 0, 0, 'Liga Mineira de Judô', NULL, '2023-02-15 07:58:08', '2023-02-15 07:58:08'),
(77, 10, '20231620077', 'DORIAN TAVARES FAGUNDES', NULL, 'dorian@pbh.gov.br', '994144242', 'Kazoku judo clube', 'Yondan', 0, 0, NULL, NULL, '2023-02-15 08:24:29', '2023-02-15 08:24:29'),
(78, 10, '20235460078', 'MARCUS VINICIUS FARIA', NULL, 'marcusfaria60198@gmail.com', '31999181998', 'MOTAWH JUDÔ CLUBE', 'Shodan', 0, 0, NULL, NULL, '2023-02-15 08:51:51', '2023-02-15 08:51:51'),
(79, 9, '20237640079', 'MARCUS VINICIUS FARIA', NULL, 'marcusfaria60198@gmail.com', '31999181998', 'MOTAWH JUDÔ CLUBE', 'Shodan', 0, 0, NULL, NULL, '2023-02-15 08:52:41', '2023-02-15 08:52:41'),
(80, 9, '20232210080', 'DAVID PRATES DE SOUZA', NULL, 'davidpratesgv29@outlook.com', '33991267547', 'Associação Prates de Judô', 'Shodan', 0, 1, NULL, NULL, '2023-02-15 09:09:34', '2023-02-24 12:48:30'),
(81, 10, '20236150081', 'David Prates de Souza', NULL, 'davidpratesgv29@outlook.com', '33991267547', 'Associação Prates de Judô', 'Shodan', 0, 0, NULL, NULL, '2023-02-15 09:10:28', '2023-02-15 09:10:28'),
(82, 9, '20237920082', 'RAFAEL DOS SANTOS SILVA', NULL, 'rafaelsantos13668@gmail.com', '67998297136', 'Educa-ju', 'Nidan', 0, 0, NULL, NULL, '2023-02-15 09:55:35', '2023-02-15 09:55:35'),
(83, 10, '20234150083', 'RAFAEL DOS SANTOS SILVA', NULL, 'rafaelsantos13668@gmail.com', '67998297136', 'Educa-ju', 'Nidan', 0, 0, NULL, NULL, '2023-02-15 09:56:18', '2023-02-15 09:56:18'),
(84, 9, '20238250084', 'Orlando Pedroso Junior', NULL, 'junior_educadorfisico@yahoo.com.br', '19992908527', 'EMEB Benedito modesto de Paula', 'Shodan', 0, 1, NULL, 'comprovante.pdf', '2023-02-15 12:40:48', '2023-02-20 19:31:42'),
(85, 10, '20234060085', 'Luciano Marcos Ferreira', NULL, 'Lucianodacapoeira2012@hotmail.com', '031987250694', 'Bido kam / OP', 'Shodan', 0, 0, 'Oss', NULL, '2023-02-15 14:08:47', '2023-02-15 14:08:47'),
(86, 9, '20235230086', 'Odair Garcia Junior', NULL, 'odair.jreng@gmail.com', '19999086619', 'Associação de Judô Garcia', 'Shodan', 0, 1, NULL, 'comprovante.jpg', '2023-02-15 14:22:49', '2023-02-24 20:11:56'),
(87, 9, '20234110087', 'Luís Antônio da Silva Junior', NULL, 'juninhoeagle@gmail.com', '19986125090', 'Associação Palmeira de Judô', 'Roxa', 0, 1, NULL, 'comprovante.jpg', '2023-02-15 15:01:07', '2023-02-24 20:53:09'),
(88, 9, '20231440088', 'Luiz Yago da Silva', NULL, 'luiz.yago.silva@gmail.com', '19993673326', 'Associação Palmeiras de judo', 'Roxa', 0, 1, NULL, NULL, '2023-02-15 15:03:07', '2023-02-24 20:22:10'),
(89, 9, '20238180089', 'RICARDO PAULO DE JESUS', NULL, 'jesusrpeanajesus@gmail.com', '19998961330', 'Associação Palmeira de Judô', 'Shodan', 0, 0, NULL, NULL, '2023-02-15 15:13:24', '2023-02-15 15:13:24'),
(90, 9, '20231420090', 'Lucas Augusto Boche Minucci', NULL, 'lucasboche@hotmail.com', '19 989121414', 'Judô Palmeira', 'Nidan', 0, 1, NULL, 'comprovante.jpg', '2023-02-15 15:13:36', '2023-02-20 19:38:40'),
(91, 10, '20233510091', 'Clenilson Castilho Leite', NULL, 'clecastilho@gmail.com', '+5531984715167', 'Tatami', 'Nidan', 0, 1, NULL, 'comprovante.pdf', '2023-02-16 11:08:47', '2023-02-21 07:52:31'),
(92, 9, '20238890092', 'Matheus Afonso', NULL, 'matheusafonsorodrigues@gmail.com', '34997767589', 'Judo oriente', 'Marrom', 0, 1, NULL, 'comprovante.pdf', '2023-02-16 19:16:07', '2023-02-25 08:27:00'),
(93, 10, '20235370093', 'Matheus Afonso', NULL, 'matheusafonsorodrigues@gmail.com', '34997767589', 'Judo Oriente', 'Marrom', 0, 0, NULL, NULL, '2023-02-16 19:16:54', '2023-02-16 19:16:54'),
(94, 9, '20236220094', 'Fábio Luiz Gonçalves', NULL, 'fabioluizesporte@gmail.com', '35988157713', 'Projeto Judô para Todos - Andradas', 'Shodan', 0, 1, NULL, NULL, '2023-02-17 11:43:46', '2023-02-25 08:31:48'),
(95, 10, '20238680095', 'Fábio Luiz Gonçalves', NULL, 'fabioluizesporte@gmail.com', '35988157713', 'Projeto Judô para Todos - Andradas', 'Shodan', 0, 0, NULL, NULL, '2023-02-17 11:44:25', '2023-02-17 11:44:25'),
(96, 10, '20231230096', 'Fabio Hideo Fujimoto', NULL, 'fabio_fujimoto@msn.com', '(34) 98869-0364', 'Judo Oriente', 'Sandan', 0, 1, NULL, 'comprovante.jpg', '2023-02-17 15:40:48', '2023-02-20 19:40:04'),
(97, 9, '20235110097', 'Kayson Francisco Silva', NULL, 'kaysonfrancisco@gmail.com', '34988735759', 'Judo Oriente', 'Roxa', 0, 0, NULL, NULL, '2023-02-17 19:02:55', '2023-02-17 19:02:55'),
(98, 9, '20234330098', 'Keferson Cardoso Silva', NULL, 'kefersonbr@gmail.com', '34988414501', 'Judô oriente', 'Roxa', 0, 0, NULL, NULL, '2023-02-17 19:03:36', '2023-02-17 19:03:36'),
(99, 9, '20237110099', 'Lucas Daniel Monteiro', NULL, 'celio.jonas@gmail.com', '65996078233', 'Academia Carlo Acutis Cuiabá MT', 'Laranja', 0, 0, NULL, NULL, '2023-02-17 19:23:57', '2023-02-17 19:23:57'),
(100, 9, '20238530100', 'Jorge Minucci', NULL, 'escoladelutasfamiliaminucci@gmail.com', '19993829802', 'Judô Palmeira', 'Sandan', 0, 1, NULL, NULL, '2023-02-17 19:42:47', '2023-02-25 05:43:00'),
(101, 9, '20231600101', 'Fabio Hideo Fujimoto', NULL, 'fabio_fujimoto@msn.com', '(34) 98869-0364', 'Judo Oriente', 'Sandan', 0, 1, NULL, 'comprovante.jpg', '2023-02-17 19:49:24', '2023-02-20 19:38:15'),
(102, 10, '20232700102', 'Léo Adriano Chig', NULL, 'leochig@gmail.com', '65 99283-3075', 'Dojo Carlo Acutis', 'Verde', 0, 0, NULL, NULL, '2023-02-17 19:58:04', '2023-02-17 19:58:04'),
(103, 10, '20238910103', 'Adrian Oliveira Chig', NULL, 'adrianoliveirachig@gmail.com', '65 99283-3075', 'Dojo Carlo Acutis', 'Laranja', 0, 0, NULL, NULL, '2023-02-17 19:59:07', '2023-02-17 19:59:07'),
(104, 9, '20231350104', 'FLAVIO FRANCA DE ASSIS', NULL, 'contato@romanosdozedois.com.br', '19994034936', 'Centro Social & Dojo Uryon', 'Shodan', 0, 1, NULL, 'comprovante.jpg', '2023-02-18 13:44:20', '2023-02-20 19:39:09'),
(105, 10, '20234050105', 'André Luiz de Oliveira Torres', NULL, 'war.eng.civil@gmail.com', '31993295392', 'Judo Sensho', 'Shodan', 0, 0, NULL, NULL, '2023-02-18 15:38:15', '2023-02-18 15:38:15'),
(106, 9, '20231540106', 'Aloisio Furbino Bretas de Almeida', NULL, 'judosim@hotmail.com', '27981800840', 'Tatami', 'Marrom', 0, 1, NULL, 'comprovante.jpg', '2023-02-18 17:36:31', '2023-02-23 18:12:01'),
(107, 9, '20232250107', 'Daniel Moraes Silva', NULL, 'dmoraess@yahoo.com.br', '31988068069', 'Judo Portela', 'Marrom', 0, 1, 'Solicitarei o certificado.', 'comprovante.pdf', '2023-02-18 20:25:36', '2023-02-24 14:49:41'),
(108, 9, '20232890108', 'Lara Mikaeli Pereira Dias', NULL, 'laramikaelii@hotmail.com', '38992162815', 'Kazuko', 'Roxa', 0, 0, NULL, NULL, '2023-02-19 10:54:19', '2023-02-19 10:54:19'),
(109, 9, '20237690109', 'Victor Diniz  Ballesteros', NULL, 'victordb21@icloud.com', '31999399869', 'Tatami Pampulha', 'Marrom', 0, 1, 'Estou precisando revisar e relembrar faz muito tempo que fiz um curso desses e não lembro do básico pela a falta de prática, isso será ótimo.', 'comprovante.jpeg', '2023-02-20 06:57:11', '2023-02-20 19:34:08'),
(110, 9, '20233060110', 'DOUGLAS PRATES MAGALHÃES', NULL, 'douglasprates@live.com', '69992742982', 'Clube de Judô Buritis', 'Shodan', 0, 1, NULL, 'comprovante.pdf', '2023-02-20 08:28:43', '2023-02-20 19:36:26'),
(111, 10, '20231210111', 'DOUGLAS PRATES MAGALHÃES', NULL, 'douglasprates@live.com', '69992742982', 'Clube de Judô Buritis', 'Shodan', 0, 1, NULL, 'comprovante.pdf', '2023-02-20 08:30:09', '2023-02-20 19:40:56'),
(112, 10, '20235130112', 'Isabelle Ketllen Nascimento Ferraz', NULL, 'Isabelleferraz007@gmail.com', '6992709343', 'Judô Seiryoku Zen\'yo - ASPOM-MDO', 'Amarela', 0, 0, NULL, NULL, '2023-02-20 11:34:22', '2023-02-20 11:34:22'),
(113, 10, '20236890113', 'Ernane Rodrigo Alves Silva', NULL, 'ernanerodrigo@yahoo.com.br', '69992096676', 'Judô Seiryoku Zen\'yo - ASPOM-MDO', 'Marrom', 0, 0, NULL, NULL, '2023-02-20 11:37:48', '2023-02-20 11:37:48'),
(114, 10, '20235640114', 'Luciana de Castro Alves Torres', NULL, 'lucianacastroalves@gmail.com', '31 984357142', 'Academia de Judô Senshi', 'Shodan', 0, 0, NULL, NULL, '2023-02-20 12:35:23', '2023-02-20 12:35:23'),
(115, 10, '20236190115', 'Luiz Henrique Pinheiro Torres', NULL, 'luiztorres3898@gmail.com', '31985845152', 'Judô senshi', 'Sandan', 0, 0, NULL, NULL, '2023-02-20 13:44:23', '2023-02-20 13:44:23'),
(116, 10, '20237120116', 'JAMIL ANDRE MOTAWH CARDOSO', NULL, 'jamilmotawh@yahoo.com.br', '31983201773', 'Motawh Judô Clube', 'Yondan', 0, 1, NULL, NULL, '2023-02-20 16:25:59', '2023-02-21 07:44:10'),
(117, 10, '20231720117', 'Samir Martins de Oliveira', NULL, 'smomemeguy@gmail.com', '31 985156657', 'Equipe de Judô Senshi', 'Roxa', 0, 0, NULL, NULL, '2023-02-20 17:45:22', '2023-02-20 17:45:22'),
(118, 10, '20238800118', 'LUBERTO TORRES DA SILVA OLIVEIRA', NULL, 'lubertojr@gmail.com', '31988112313', 'Academia de Judô senshi', 'Marrom', 0, 0, NULL, NULL, '2023-02-20 18:47:32', '2023-02-20 18:47:32'),
(119, 9, '20237770119', 'LUBERTO TORRES DA SILVA OLIVEIRA', NULL, 'lubertojr@gmail.com', '31988112313', 'Academia de Judô senshi', 'Marrom', 0, 1, NULL, 'comprovante.jpg', '2023-02-20 18:50:11', '2023-02-20 19:32:29'),
(120, 9, '20231300120', 'Heverton Matheus da Silva Oliveira', NULL, 'Heverton01matheus@gmail.com', '37998740012', 'Judônavarro', 'Marrom', 0, 1, NULL, 'comprovante.pdf', '2023-02-20 19:51:35', '2023-02-22 22:02:16'),
(121, 9, '20238200121', 'Evandro Gomes Silva', NULL, 'evandrokooumodin@outlook.com', '35991153825', 'Projeto Judô Para Todos', 'Shodan', 0, 0, NULL, NULL, '2023-02-22 08:48:28', '2023-02-22 08:48:28'),
(122, 10, '20236330122', 'Evandro Gomes Silva', NULL, 'evandrokooumodin@outlook.com', '35991153825', 'Projeto Judô Para Todos', 'Shodan', 0, 0, NULL, NULL, '2023-02-22 08:50:31', '2023-02-22 08:50:31'),
(123, 9, '20238900123', 'josef carlos de assis', NULL, 'josephjudoesport@gmail.com', '31985364073', 'Fundação Aleijadinho', 'Shodan', 0, 0, NULL, NULL, '2023-02-22 09:16:10', '2023-02-22 09:16:10'),
(124, 10, '20237170124', 'Josef carlos de assis', NULL, 'josephjudoesport@gmail.com', '31985364073', 'Fundação Aleijadinho', 'Shodan', 0, 0, NULL, NULL, '2023-02-22 09:18:01', '2023-02-22 09:18:01'),
(125, 9, '20235410125', 'JAMIL ANDRE MOTAWH CARDOSO', NULL, 'jamilmotawh@yahoo.com.br', '31983201773', 'Motawh Judô Clube', 'Yondan', 0, 1, NULL, NULL, '2023-02-22 14:00:38', '2023-02-23 08:03:58'),
(126, 9, '20233590126', 'Júlia Araújo', NULL, 'saraujojulia2001@gmail.com', '(37) 99173-0038', 'Camad', 'Marrom', 0, 0, NULL, NULL, '2023-02-22 14:04:16', '2023-02-22 14:04:16'),
(127, 9, '20238850127', 'Eduardo Ferreira Duarte', NULL, 'presidente@judosocialrio.com.br', '21 992235577', 'Federação de Judô Social do Estado do Rio de Janeiro', 'Godan', 0, 1, NULL, 'comprovante.jpeg', '2023-02-22 15:35:26', '2023-02-24 15:07:00'),
(128, 9, '20232240128', 'RICARDO PUPO PRINS', NULL, 'ricardopupoprins@gmail.com', '21983941817', 'Equipe Pupo de Judô- EPJ', 'Godan', 0, 1, NULL, 'comprovante.jpg', '2023-02-22 15:59:11', '2023-02-25 12:30:30'),
(129, 9, '20232680129', 'Jose dos Reis Sousa', NULL, 'josereissousa2022@gmail.com', '3498593912', 'Judo Oriente', 'Shodan', 0, 0, NULL, NULL, '2023-02-23 06:31:22', '2023-02-23 06:31:22'),
(130, 9, '20236590130', 'Antonio Maria Claret de Souza', NULL, 'antonio-maria-claret@hot.com', '34.99998.8083', 'Jodo Planura', 'Godan', 0, 1, NULL, NULL, '2023-02-23 06:48:20', '2023-02-25 14:11:22'),
(131, 9, '20233630131', 'Darlan Ruas Carvalho', NULL, 'darlan.ruas@educacao.mg.gov.br', '34996737885', 'Dojo Ruas', 'Nidan', 0, 0, NULL, NULL, '2023-02-23 07:00:51', '2023-02-23 07:00:51'),
(132, 10, '20239830132', 'Darlan Ruas Carvalho', NULL, 'darlan.ruas@educacao.mg.gov.br', '34996737885', 'Dojo Ruas', 'Nidan', 0, 0, NULL, NULL, '2023-02-23 07:04:27', '2023-02-23 07:04:27'),
(133, 9, '20231360133', 'Marcos Barbosa Júnior', NULL, 'macomj22@gmail.com', '31992532222', 'Tatami', 'Godan', 0, 1, NULL, NULL, '2023-02-23 07:05:33', '2023-02-23 07:09:32'),
(134, 10, '20234360134', 'Marcos Barbosa Júnior', NULL, 'macomj22@gmail.com', '31992532222', 'Tatami', 'Godan', 0, 1, NULL, NULL, '2023-02-23 07:11:42', '2023-02-23 07:51:30'),
(135, 10, '20236030135', 'LUCIO ROSSI DA COSTA', NULL, 'paraisobh@hotmail.com', '31996383663', 'Judô Paraíso', 'Rokudan', 0, 1, NULL, NULL, '2023-02-23 07:40:57', '2023-02-23 08:04:51'),
(136, 9, '20235760136', 'Marcos Vinicius de Souza Pereira', NULL, 'avd.belfordroxo@gmail.com', '(21)98186-9706', 'AVD', 'Sandan', 0, 1, NULL, 'comprovante.jpg', '2023-02-23 08:21:11', '2023-02-24 20:09:06'),
(137, 9, '20233190137', 'Leilane  de Vieira', NULL, 'leilanevieira02@hotmail.com', '34991985671', 'Judô Oriente', 'Nidan', 0, 1, NULL, 'comprovante.pdf', '2023-02-23 09:30:09', '2023-02-25 05:31:55'),
(138, 10, '20235930138', 'Leilane de Vieira', NULL, 'leilanevieira02@hotmail.com', '34991985671', 'Judô Oriente', 'Nidan', 0, 0, NULL, NULL, '2023-02-23 09:31:31', '2023-02-23 09:31:31'),
(139, 9, '20238830139', 'Adryan luiz Gonçalves de Souza', NULL, 'adryanluizlira97@gmail.com', '34984325548', 'Judô Adolfo frits', 'Roxa', 0, 1, NULL, 'comprovante.jpg', '2023-02-23 09:47:02', '2023-02-25 08:16:37'),
(140, 10, '20237870140', 'ENIR CANTANHEDE LIMA JUNIOR', NULL, 'enirlima@gmail.com', '(98) 981027070', 'CT Enir Cantanhede', 'Sandan', 0, 0, NULL, NULL, '2023-02-23 10:36:18', '2023-02-23 10:36:18'),
(141, 9, '20239150141', 'PAULO DE QUEIROZ ANDRADE', NULL, 'paulaoand@hotmail.com', '31988634449', 'Tatami judô clube', 'Rokudan', 0, 1, NULL, NULL, '2023-02-23 14:30:43', '2023-02-24 15:02:51'),
(142, 10, '20239530142', 'PAULO DE QUEIROZ ANDRADE', NULL, 'paulaoand@hotmail.com', '31988634449', 'Tatami judô clube', 'Rokudan', 0, 0, NULL, NULL, '2023-02-23 14:31:21', '2023-02-23 14:31:21'),
(143, 9, '20233630143', 'José Cândido dos Santos', NULL, 'candidojudo@hotmail.com', '034997963851', 'Judô shomen', 'Shodan', 0, 1, NULL, 'comprovante.jpg', '2023-02-23 17:26:41', '2023-02-23 18:07:53'),
(144, 9, '20233190144', 'ANA PAULA DE A E DE JESUS', NULL, 'callyope33@gmail.com', '19992900165', 'Associação Palmeira de Judo', 'Marrom', 0, 1, NULL, 'comprovante.jpeg', '2023-02-23 18:38:28', '2023-02-24 20:17:57'),
(145, 9, '20234340145', 'BARBARA Reis', NULL, 'barbarafernandes750@gmail.com', '(31) 97144-4316', 'Holístico', 'Marrom', 0, 1, NULL, 'comprovante.jpg', '2023-02-23 20:46:55', '2023-02-24 17:27:38'),
(146, 10, '20235540146', 'Bruno Eduardo Sant Ana Silva', NULL, 'brunororm@gmail.com', '(69) 98421-6003', 'Liga de Judô do Estado de Rondônia', 'Nidan', 0, 0, NULL, NULL, '2023-02-24 10:34:30', '2023-02-24 10:34:30'),
(147, 9, '20233900147', 'rafael caldeira vanucci', NULL, 'rafavanucci.77@gmail.com', '+55 (31) 9 8346-2350', 'Projeto Amigos do Judo', 'Marrom', 0, 1, NULL, NULL, '2023-02-24 12:40:23', '2023-02-24 12:51:32'),
(148, 9, '20236320148', 'Marcus Vinicius Mendes Santiago Vieira', NULL, 'marcus.santiagovieira@gmail.com', '31 983254219', 'Projeto Amigos do Judo', 'Shodan', 0, 1, NULL, NULL, '2023-02-24 12:42:18', '2023-02-24 13:01:16'),
(149, 10, '20235850149', 'VITOR HUGO MACIEL DOS SANTOS', NULL, 'VITORJUDOTA@GMAIL.COM', '31996805716', 'PROJETO AMIGOS DO JUDO', 'Roxa', 0, 1, NULL, NULL, '2023-02-24 12:53:58', '2023-02-24 15:32:27'),
(150, 9, '20237940150', 'Francisco Welson Ferreira dos Santos', NULL, 'welsonsantos27@hotmail.com', '85996065818', 'Liga Estadual de Judô - CE', 'Yondan', 0, 1, NULL, NULL, '2023-02-24 14:15:11', '2023-02-24 14:32:19'),
(151, 9, '20238880151', 'Guilherme Augusto Souza Miranda', NULL, 'guilhermeaugustosmiranda@gmail.com', '83999614182', 'Lipaju', 'Yondan', 0, 1, NULL, NULL, '2023-02-24 15:01:58', '2023-02-24 15:07:41'),
(152, 9, '20235590152', 'MAXSUEL ELIAS PINTO', NULL, 'Maxsuelelias1997@gmail.com', '34991589254', 'Judô Adolfo Fritz', 'Shodan', 0, 1, NULL, 'comprovante.jpg', '2023-02-24 16:00:37', '2023-02-25 08:21:16'),
(153, 9, '20232940153', 'Ingrid serpa Rodrigues', NULL, 'ingridserpa87@gmail.com', '31 99509-8196', 'Kazoku', 'Verde', 0, 0, NULL, NULL, '2023-02-24 16:54:39', '2023-02-24 16:54:39'),
(154, 9, '20236750154', 'Gabriela C. Delmunde', NULL, 'gabriela.delmunde@hotmail.com', '19993849106', 'Associação Palmeira Judo', 'Marrom', 0, 1, NULL, 'comprovante.jpg', '2023-02-24 19:21:19', '2023-02-24 20:34:42'),
(155, 10, '20239560155', 'Maxsuel Elias Pinto', NULL, 'Maxsuelelias1997@gmail.com', '34991589254', 'Judô Adolfo Fritz', 'Shodan', 0, 0, NULL, NULL, '2023-02-24 21:00:07', '2023-02-24 21:00:07'),
(156, 9, '20237870156', 'Luana Caroline da Silva', NULL, 'luacarolinesilva@gmail.com', '16993424305', 'Associação Palmeira de Judô', 'Roxa', 0, 1, NULL, NULL, '2023-02-24 21:47:57', '2023-02-25 05:41:01'),
(157, 9, '20234570157', 'LEANDRO ALEMAO', NULL, 'senseialemao@yahoo.com', '38999990102', 'Tatami Bushido', 'Sandan', 0, 1, NULL, 'comprovante.jpg', '2023-02-25 08:02:09', '2023-02-25 08:24:00'),
(158, 9, '20232900158', 'Renata Thais dos Anjos Oliveira', NULL, 'renatath5@hotmail.com', '31998164992', 'Kazoku', 'Marrom', 0, 1, NULL, 'comprovante.jpg', '2023-02-25 09:03:22', '2023-02-25 12:27:25'),
(159, 10, '20231970159', 'Alex Sandro de Oliveira', NULL, 'senseialexoliveira@gmail.com', '11948767313', 'Dojo Sensei Kaor Okada', 'Sandan', 0, 0, NULL, NULL, '2023-02-25 09:31:29', '2023-02-25 09:31:29'),
(160, 10, '20232610160', 'Naira Gabriely Rolim alves', NULL, 'nairarolim.0@gmail.com', '98 98801-1158', 'Dojo sensei kaor okada', 'Shodan', 0, 0, NULL, NULL, '2023-02-25 09:44:33', '2023-02-25 09:44:33'),
(161, 9, '20236560161', 'Naira Gabriely Rolim alves', NULL, 'nairarolim.0@gmail.com', '98 98801-1158', 'Dojo sensei kaor okada', 'Shodan', 0, 0, NULL, NULL, '2023-02-25 09:45:49', '2023-02-25 09:45:49'),
(162, 9, '20233540162', 'Roberto de oliveira mendes', NULL, 'robertmendesjudo23@gmail.com', '83996765969', 'Team Robert mendes', 'Nidan', 0, 0, NULL, NULL, '2023-02-25 09:50:40', '2023-02-25 09:50:40'),
(163, 10, '20238730163', 'Marco Tulio Hungria Domingues', NULL, 'marcotuliohungriadomingues@gmail.com', '32 988508550', 'Judô Marcão', 'Nidan', 0, 0, NULL, NULL, '2023-02-25 10:10:16', '2023-02-25 10:10:16'),
(164, 10, '20239780164', 'DAVI CARNEIRO MENEZ', NULL, 'dcm.facul@gmail.com', '(31) 9 9607-0085', 'Projeto Colméia - Tatami', 'Roxa', 0, 0, NULL, NULL, '2023-02-25 10:10:20', '2023-02-25 10:10:20'),
(165, 10, '20234850165', 'Carlos Antonio Costa Bezerra', NULL, 'cc834071@gmail.com', '996364515', 'Centro de treinamento Paraibano kyuzo Mifune', 'Shodan', 0, 0, NULL, NULL, '2023-02-25 10:27:56', '2023-02-25 10:27:56'),
(166, 10, '20239860166', 'Allan Silveira Alemao', NULL, 'allan.alemao88@hotmail.com', '38999063513', 'Tatame Bushidô', 'Shodan', 0, 0, NULL, 'comprovante.', '2023-02-25 10:40:34', '2023-02-25 10:43:25'),
(167, 10, '20231510167', 'JOAQUIM TEODORINO OLIMPIO', NULL, 'joaquimtolimpio@yahoo.com.br', '55(31)99705-2519', 'Ciart', 'Yondan', 0, 0, NULL, NULL, '2023-02-25 10:59:30', '2023-02-25 10:59:30'),
(168, 10, '20239320168', 'Sidney Olinto da Silva', NULL, 'sidolinto28@hotmail.com', '83986949539', 'LIPAJU', 'Rokudan', 0, 0, NULL, NULL, '2023-02-25 11:01:41', '2023-02-25 11:01:41');

-- --------------------------------------------------------

--
-- Estructura de tabla para la tabla `migrations`
--

CREATE TABLE `migrations` (
  `id` int(10) UNSIGNED NOT NULL,
  `migration` varchar(191) COLLATE utf8mb4_unicode_ci NOT NULL,
  `batch` int(11) NOT NULL
) ENGINE=InnoDB DEFAULT CHARSET=utf8mb4 COLLATE=utf8mb4_unicode_ci;

--
-- Volcado de datos para la tabla `migrations`
--

INSERT INTO `migrations` (`id`, `migration`, `batch`) VALUES
(1, '2014_10_12_000000_create_users_table', 1),
(2, '2014_10_12_100000_create_password_resets_table', 1),
(3, '2019_08_19_000000_create_failed_jobs_table', 1),
(4, '2019_12_14_000001_create_personal_access_tokens_table', 1),
(5, '2022_01_28_130550_create_eventos_table', 1),
(6, '2022_03_14_184408_create_inscriptions_table', 1);

--
-- Índices para tablas volcadas
--

--
-- Indices de la tabla `eventos`
--
ALTER TABLE `eventos`
  ADD PRIMARY KEY (`id`),
  ADD UNIQUE KEY `eventos_name_unique` (`name`);

--
-- Indices de la tabla `failed_jobs`
--
ALTER TABLE `failed_jobs`
  ADD PRIMARY KEY (`id`),
  ADD UNIQUE KEY `failed_jobs_uuid_unique` (`uuid`);

--
-- Indices de la tabla `inscriptions`
--
ALTER TABLE `inscriptions`
  ADD PRIMARY KEY (`id`),
  ADD UNIQUE KEY `inscriptions_numinsc_unique` (`numinsc`),
  ADD KEY `inscriptions_evento_id_foreign` (`evento_id`);

--
-- Indices de la tabla `migrations`
--
ALTER TABLE `migrations`
  ADD PRIMARY KEY (`id`);

--
-- AUTO_INCREMENT de las tablas volcadas
--

--
-- AUTO_INCREMENT de la tabla `eventos`
--
ALTER TABLE `eventos`
  MODIFY `id` bigint(20) UNSIGNED NOT NULL AUTO_INCREMENT, AUTO_INCREMENT=11;

--
-- AUTO_INCREMENT de la tabla `failed_jobs`
--
ALTER TABLE `failed_jobs`
  MODIFY `id` bigint(20) UNSIGNED NOT NULL AUTO_INCREMENT;

--
-- AUTO_INCREMENT de la tabla `inscriptions`
--
ALTER TABLE `inscriptions`
  MODIFY `id` bigint(20) UNSIGNED NOT NULL AUTO_INCREMENT, AUTO_INCREMENT=169;

--
-- AUTO_INCREMENT de la tabla `migrations`
--
ALTER TABLE `migrations`
  MODIFY `id` int(10) UNSIGNED NOT NULL AUTO_INCREMENT, AUTO_INCREMENT=7;

--
-- Restricciones para tablas volcadas
--

--
-- Filtros para la tabla `inscriptions`
--
ALTER TABLE `inscriptions`
  ADD CONSTRAINT `inscriptions_evento_id_foreign` FOREIGN KEY (`evento_id`) REFERENCES `eventos` (`id`);
COMMIT;

